Let a(o) = 2*o + 32. What is a(-18)?
-4
Let r(g) = -g**3 + 10*g**2 - 9*g + 22. Give r(9).
22
Let i(g) = -29*g + 7. What is i(0)?
7
Let x(p) = p**2 - 19*p + 35. Calculate x(17).
1
Let t(b) = b**2 - 6*b - 158. What is t(15)?
-23
Let f(v) = 4*v - 18. Give f(8).
14
Let l(w) = 4*w**2 + 2*w - 1. Calculate l(3).
41
Let x(l) = l - 8. Calculate x(6).
-2
Let a(t) = 130*t**2 - 2*t + 3. Give a(1).
131
Let j(s) = 42*s**2 - 12*s + 11. Calculate j(1).
41
Let g(m) = m**2 + 12*m + 45. What is g(-9)?
18
Let h(y) = y**2 - 3*y - 16. What is h(5)?
-6
Let j(p) = -p**2 - 6*p + 9. What is j(3)?
-18
Let v(i) = 8*i**2 + i - 2. Calculate v(2).
32
Let d(k) = -29*k + 5. What is d(0)?
5
Let m(a) = a**2 + 11*a - 14. Give m(-11).
-14
Let t(k) = -k**3 + 5*k**2 - 2. Calculate t(6).
-38
Let c(g) = g**2 - 8*g - 100. Calculate c(15).
5
Let h(r) = -r**2 + 4*r + 12. What is h(-7)?
-65
Let r(a) = -2*a**3 - 60*a**2 - 65*a - 200. Give r(-29).
3
Let w(h) = -h - 23. What is w(-13)?
-10
Let w(g) = g**2 - 9*g - 4. Calculate w(8).
-12
Let l(w) = -2*w**2 + 12*w - 10. Calculate l(8).
-42
Let i(x) = 24*x**2 + 1. What is i(-1)?
25
Let m(z) = 50*z**2 - 4*z - 3. Calculate m(-1).
51
Let v(d) = -9*d**2 - 2*d - 3. Give v(-2).
-35
Let n(h) = h**2 + 19*h + 40. Give n(-3).
-8
Let w(c) = -5*c**3 - 10*c**2 - 6*c - 7. Determine w(-2).
5
Let t(u) = -u**2 - 8*u - 15. Determine t(-6).
-3
Let h(v) = 9*v - 21. Determine h(0).
-21
Let b(z) = 10*z**2 - z. What is b(1)?
9
Let v(g) = -g - 9. Determine v(-4).
-5
Let q(f) = 4*f**3 - 7*f**2 + 5*f + 9. What is q(2)?
23
Let p(u) = -u**3 + 18*u**2 - 16*u - 8. What is p(17)?
9
Let y(a) = a**3 - 14*a**2 - 18*a + 54. What is y(15)?
9
Let i(y) = -y**3 - 21*y**2 - 21*y - 13. Determine i(-20).
7
Let i(f) = f**2 - 6. Give i(0).
-6
Let r(p) = 73*p - 75. What is r(1)?
-2
Let r(z) = -z**3 + 7*z**2 + 4*z - 9. Calculate r(7).
19
Let t(j) = -j**3 + 11*j**2 + 12*j + 5. Give t(12).
5
Let c(t) = 2*t**2 + t - 9. Determine c(0).
-9
Let u(x) = x + 3. Determine u(-3).
0
Let f(l) = -l**3 + l**2 + l - 2. What is f(1)?
-1
Let q(s) = s**2 + 17*s + 61. Give q(-12).
1
Let w(m) = 4*m - 14. Determine w(7).
14
Let g(m) = 25*m**3 + m**2 + m + 1. Determine g(-1).
-24
Let a(v) = 2*v**2 - 27*v + 7. What is a(14)?
21
Let c(u) = -4*u - 18. Determine c(-3).
-6
Let h(z) = z**3 + 15*z**2 + 28*z + 33. Give h(-13).
7
Let f(b) = -6*b - 166. Determine f(-28).
2
Let w(p) = -16*p + 346. What is w(22)?
-6
Let f(h) = 8*h - 1. Determine f(2).
15
Let y(d) = 79*d - 6. What is y(1)?
73
Let u(g) = -g**2 + 2*g + 7. Determine u(-3).
-8
Let a(c) = 3*c**3 - 2*c**2 + 2*c. Determine a(2).
20
Let b(q) = -2*q**3 + 3*q**2 - q + 1. What is b(3)?
-29
Let p(o) = -o**2 - 6*o - 25. Give p(0).
-25
Let y(w) = -w**2 - 30*w - 35. Calculate y(-28).
21
Let w(x) = x - 15. Determine w(14).
-1
Let b(c) = 10*c**2 + 280*c + 9. Calculate b(-28).
9
Let p(l) = -2*l + 79. Determine p(26).
27
Let d(w) = w**3 - w**2 - 10*w - 4. Determine d(4).
4
Let a(o) = -3*o**2 - 9*o - 21. Give a(-5).
-51
Let w(t) = t**2 - t - 47. Give w(-7).
9
Let u(w) = -6*w - 14. Determine u(-7).
28
Let k(j) = -j**2 + 13*j. Give k(11).
22
Let a(x) = 3*x**2 - 75*x + 2. Give a(25).
2
Let c(r) = -r**2 + 10*r - 12. Calculate c(5).
13
Let x(n) = -19*n - 1. Determine x(1).
-20
Let l(i) = -i**2 - 37*i - 312. What is l(-24)?
0
Let i(k) = 7*k - 6. Give i(5).
29
Let r(h) = -h**2 + 7*h + 106. Calculate r(14).
8
Let w(g) = -g**3 + 2*g**2 + 8*g - 9. Give w(4).
-9
Let r(a) = -26*a**2 + a - 1. Determine r(-2).
-107
Let v(a) = -a**3 + a**2 + 26*a - 26. Determine v(5).
4
Let z(r) = 5*r + 176. What is z(-39)?
-19
Let r(p) = -15*p + 33. Determine r(2).
3
Let w(h) = -4*h + 19. Give w(6).
-5
Let y(v) = 46*v**3 - 2*v**2 - 3*v - 1. What is y(-1)?
-46
Let d(y) = -y**3 - 20*y**2 - 33*y + 20. Give d(-18).
-34
Let q(u) = -10*u**2 - 2*u + 1. What is q(1)?
-11
Let z(b) = b**2 + 8*b + 10. Calculate z(-3).
-5
Let d(b) = b**2 + 8*b - 4. Give d(-8).
-4
Let s(y) = -y**2 + 11*y + 18. Calculate s(13).
-8
Let v(n) = 46*n + 1. Calculate v(1).
47
Let a(r) = 15*r + 157. Calculate a(-9).
22
Let d(p) = 9*p + 52. Calculate d(-9).
-29
Let v(p) = p**2 + 5*p - 13. Calculate v(-6).
-7
Let w(d) = -d**3 - 4*d**2 + 6*d + 1. Give w(-5).
-4
Let i(m) = -4*m**3 + 4. What is i(2)?
-28
Let h(p) = -p**3 + 12*p**2 + 11*p + 2. Calculate h(13).
-24
Let a(s) = 9*s**2 - 4. Calculate a(3).
77
Let w(k) = -k**2 - 5*k + 1. Determine w(-9).
-35
Let n(j) = j**2 - 20*j + 15. Give n(19).
-4
Let i(w) = 2*w**3 - 2*w**2 + 4. Calculate i(0).
4
Let a(v) = v + 2. Give a(-9).
-7
Let a(z) = -4*z**2 - 10*z - 32. What is a(-4)?
-56
Let y(r) = 13*r**2 + 5*r + 6. Calculate y(-2).
48
Let m(c) = -c**3 + 4*c**2 + 3*c - 3. What is m(6)?
-57
Let t(g) = g**2 + g - 8. Give t(-4).
4
Let u(g) = g**3 - 5*g**2 - 2*g + 4. Give u(5).
-6
Let q(l) = l**3 + 6*l**2 - 6*l. Calculate q(-6).
36
Let o(d) = d**2 - 8*d - 9. Determine o(6).
-21
Let s(f) = 9*f**2 - 6*f + 6. What is s(3)?
69
Let j(k) = 2*k**2 + 7*k - 9. What is j(-5)?
6
Let k(o) = o**2 - 7*o - 1. What is k(10)?
29
Let w(i) = 2*i + 19. Calculate w(-9).
1
Let z(g) = -g**3 - 21*g**2 - 20*g + 6. Determine z(-20).
6
Let x(s) = 26*s**2 - 3*s + 3. What is x(2)?
101
Let g(a) = a**2 + 2*a + 17. Give g(-4).
25
Let v(n) = -n**3 + 7*n**2 + 16*n - 33. Give v(8).
31
Let i(c) = c**2 - 19*c - 44. Give i(-2).
-2
Let m(k) = -k**3 + 20*k**2 - 17*k - 49. Calculate m(19).
-11
Let c(u) = u**3 + 2*u**2 - 6*u - 3. Calculate c(-3).
6
Let y(l) = -l**3 + 7*l**2 - 1. Determine y(8).
-65
Let x(d) = 6*d + 232. Determine x(-37).
10
Let k(t) = -4*t**3 - 2*t - 1. Determine k(-1).
5
Let i(j) = 3*j - 13. Give i(10).
17
Let s(j) = j + 10. Give s(-7).
3
Let q(a) = -2*a**2 - 5*a + 4. Determine q(-3).
1
Let m(a) = -10*a - 32. Calculate m(-3).
-2
Let i(k) = -5*k - 7. Give i(-3).
8
Let l(c) = c**2 - c + 13. Calculate l(0).
13
Let k(o) = 4*o**2 + 5*o + 6. Determine k(-3).
27
Let v(x) = x**3 - 6*x**2 + 2*x - 5. Give v(5).
-20
Let t(q) = -q**2 + 2. Give t(-3).
-7
Let w(m) = m + 20. Determine w(-19).
1
Let w(i) = i**3 + 7*i**2 + 7*i + 10. What is w(-7)?
-39
Let a(b) = b**3 - 5*b**2 - 9*b - 26. Give a(7).
9
Let g(c) = 2*c**3 - 2. Calculate g(2).
14
Let w(p) = -7*p + 112. What is w(11)?
35
Let p(u) = 3*u**2 + 3*u - 37. Give p(-7).
89
Let j(t) = t**3 + 4*t**2. Calculate j(-4).
0
Let z(y) = 2*y**2 + 16*y - 5. Calculate z(-9).
13
Let r(v) = -v + 11. What is r(8)?
3
Let v(p) = -2*p - 42. Determine v(-17).
-8
Let q(z) = 4*z - 42. Give q(11).
2
Let n(q) = q**2 + 7*q - 5. Give n(-7).
-5
Let a(o) = -2*o. What is a(0)?
0
Let s(k) = k**3 + 19*k**2 - 18*k + 39. Give s(-20).
-1
Let j(t) = t**2 + 30*t + 29. What is j(-29)?
0
Let b(v) = v**3 - 6*v**2 - 7*v - 2. Give b(7).
-2
Let b(t) = -2*t**3 + 9*t**2 - t + 1. Calculate b(4).
13
Let v(z) = 2*z + 20. Determine v(-21).
-22
Let o(x) = -x**3 - 6*x**2 + 16*x - 4. Determine o(-8).
-4
Let w(j) = j**3 - 12*j**2 - 30*j - 20. Calculate w(14).
-48
Let u(j) = -j**3 + 16*j**2 + 22*j - 23. Calculate u(17).
62
Let g(l) = l**2 - 15*l - 33. Calculate g(17).
1
Let c(m) = m**3 - 9*m**2 - 9*m - 3. Calculate c(10).
7
Let r(p) = 5*p - 46. What is r(10)?
4
Let m(q) = 14*q**3 + 2*q**2 - 2*q + 1. Calculate m(1).
15
Let i(o) = o - 25. What is i(17)?
-8
Let n(w) = -2*w**2 + 23*w + 5. Calculate n(10).
35
Let s(m) = 16*m**3 - 2*m**2 - 2*m + 3. Give s(1).
15
Let g(k) = -k**3 - 5*k**2 + 12*k + 14. Give g(-7).
28
Let j(b) = -2*b**2 - 11*b - 4. What is j(-5)?
1
Let t(x) = 12*x**2 + x - 2. Give t(2).
48
Let n(a) = -a**3 - 7*a**2 - a - 6. Calculate n(-5).
-51
Let j(o) = -8*o**2 + 1. What is j(1)?
-7
Let q(i) = -i + 1. Determine q(1).
0
Let p(r) = 3*r + 2. Determine p(5).
17
Let a(x) = x**3 - 9*x**2 - 11*x + 22. What is a(10)?
12
Let l(y) = 6*y + 1. Give l(-4).
-23
Let l(u) = u**2 + 6*u - 8. What is l(-7)?
-1
Let s(h) = h**2 + 8*h + 21. Calculate s(-2).
9
Let w(b) = b**3 + 6*b**2 + 6*b - 7. What is w(-5)?
-12
Let l(o) = o**2 + 8*o - 18. Determine l(-8).
-18
Let i(j) = j**3 + 10*j**2 - 23*j - 28. Determine i(-12).
-40
Let c(m) = 2*m**3 - 24*m**2 + 18*m + 47. Calculate c(11).
3
Let o(s) = 2*s**2 + 11*s + 1. Give o(-5).
-4
Let d(g) = g**3 + 22*g**2 + 39*g - 34. What is d(-20)?
-14
Let d(r) = 2*r - 10. Calculate d(6).
2
Let m(r) = 3*r + 20. What is m(-3)?
11
Let x(r) = -23*r + 1. Determine x(2).
-45
Let i(z) = 13*z - 29. What is i(5)?
36
Let c(x) = 13*x - 5. 